 2*l**2 - 4*l + 35. Let f(r) = 5*c(r) + 3*k(r). What is the tens digit of f(0)?
2
Let z(p) = -6*p - 22. What is the units digit of z(-13)?
6
Suppose i = -3 + 5. Suppose i*t = -0*t + 154. Suppose -13 = 4*k - t. What is the units digit of k?
6
Let n = -100 + 197. Let y = -69 + n. What is the units digit of y?
8
Let s(x) = -x**3 + x. Let j be s(-2). Suppose -i = i - j. Suppose -4*r + 39 = 3*y, -2*y + 25 = 5*r - i*y. What is the units digit of r?
6
Suppose -4*b - 66 = -5*l + 6, -b = 2*l - 34. What is the tens digit of 114/8 + 12/l?
1
Suppose -4 = -v + 5*u + 1, 0 = 5*v - 5*u + 15. Let s = v - -7. What is the units digit of s?
2
Let c be -4 - -4 - (-12 - 0). Suppose -o = o - c. What is the units digit of o?
6
Let m(d) = -d - 6. Let w be m(-6). Suppose -60 = -w*h - 3*h. Suppose -5*i = -5*z - h, 0*z = -3*z - 5*i + 28. What is the units digit of z?
1
Suppose 9 = x + 4*h, -6*x + 1 = -3*x - h. What is the units digit of x?
1
Let j(d) = -d + 5. What is the units digit of j(-4)?
9
What is the units digit of (-1 - -3) + 3*12?
8
Let y = 138 - 240. Let q be 1 + -1 - y/(-6). Let b = -7 - q. What is the tens digit of b?
1
Let a be 0/((-2)/2*1). Suppose i + a*i = 0. Suppose -r - 5*u - 2 = 0, -u + 14 = 2*r - i*u. What is the units digit of r?
8
Suppose 102 = 4*g + 2*r, -g - 4*r + r + 18 = 0. What is the units digit of g?
7
Suppose -3*v - 4*r = 9 - 4, -3*v + 3*r + 30 = 0. Suppose 5*a = -2*j + 16, 4*j + 5 = a + v*j. Suppose -4*q = -a*q - 14. What is the units digit of q?
7
Let m = -1 + 5. Suppose 2*v - 13 = -5*j + 15, -4*v - m*j = -68. What is the units digit of v?
9
Let q(j) = -9*j - 8. What is the units digit of q(-4)?
8
Suppose o = 20 - 2. Suppose 2*u - o = -d, 0 = 4*d + 3*u - 8*u - 59. What is the tens digit of d?
1
Suppose 5 = -a + 6*a. Let w = a - 0. What is the units digit of 2 - w*-1*3?
5
Let r(a) = -16*a + 4. Let g be r(-3). Suppose -5*f + 2*d - g = 0, -4*f - 5*d - 36 = -d. Let j = 20 + f. What is the units digit of j?
0
Let o be 68/((-3 - -4)*1). Suppose -k - 3*k + o = 0. What is the units digit of k?
7
Suppose m + 0*m + 5 = 0, 2*z = 2*m + 26. What is the units digit of z?
8
Suppose 3*z + 16 = w - 1, -2*z = -w + 13. Suppose -5*u = -3*j - 10, w*j = 5*u - 0*u. Suppose -v = -u*d + 14, 3*v - 4*d + 11 = 2*v. What is the units digit of v?
1
What is the units digit of (-65)/(-4) + 90/120?
7
Let h = -4 + 4. Suppose h = -5*a - 10*o + 5*o + 65, o = 4*a - 57. What is the tens digit of a?
1
Suppose -378 = -5*k - 48. What is the units digit of k?
6
Let g = 3 - 1. Let l(y) = -9*y - g + 0 - y**2 + 4 - 4. What is the units digit of l(-7)?
2
Suppose -j = 3*j - 164. What is the tens digit of j?
4
Let a = -5 + 3. Let h be (0 - a)*1/2. Let v = 8 + h. What is the units digit of v?
9
Suppose 0 = 3*u - 2*g + 7*g - 492, 0 = 4*g + 12. What is the hundreds digit of u?
1
Suppose -5*g + 2 = -3*d, 5*g - 17 + 8 = -4*d. Let l(k) = 34*k**3 + 2*k - 1. What is the units digit of l(g)?
5
Suppose -5*f = f - 390. What is the tens digit of f?
6
Suppose -2*c - 2*c + 84 = 0. Let g = 47 - c. Suppose h - 4 = 4*z + 8, 3*h - 2*z - g = 0. What is the units digit of h?
8
Suppose -6 = 2*q - 2*g, 1 = -3*g + 7. Let i(p) = 4*p**2 - 1. Let o be i(q). Suppose 0*x - o*v = 5*x - 99, 3*x - 69 = -5*v. What is the tens digit of x?
1
Let q(h) = h + 3. Let c be q(3). Suppose -3*l - c*n + 22 = -2*n, 0 = -l + 5*n - 18. Let j = 7 + l. What is the units digit of j?
9
Let m = 77 + -156. Let n = -46 - m. What is the tens digit of n?
3
Let k(j) = 3*j + 6 - j**2 + 2*j**2 + 0. Suppose 0 = 5*v + 2 + 23. What is the units digit of k(v)?
6
Suppose -3*x = -8*x + 215. What is the tens digit of x?
4
Let q(u) = -u**3 + 10*u**2 + 6. Let g be q(10). Suppose -4*y + g*y = 6. What is the units digit of y?
3
Let c(f) = -38*f - 2. Let y be c(-2). Suppose -4*l = y - 190. What is the units digit of l?
9
Suppose 0 = -4*c + c + 3*p - 9, 0 = -5*p + 10. Let u be 9*((-51)/(-9) + c). Suppose -g = -3*n + 52, 4*g - u = -3*n + 35. What is the tens digit of n?
1
Suppose -2*u + 0 = -8. What is the tens digit of 101/u + (-9)/36?
2
Suppose 8*x - 213 = 5*x. What is the units digit of x?
1
Suppose 6*i = -0*i + 24. Suppose -5*f = -j - 9, 2*j - i*f - 22 = -2*f. What is the units digit of j?
6
What is the tens digit of ((-3)/(-1))/(3/107)?
0
Suppose -8*k + 4*k = -20. Suppose -19 = -4*j + 3*w, -k*w - 9 = -j + 17. What is the units digit of j*-18*(-3)/6?
9
Let k = 36 + -5. Suppose 4*v = 5*o + k + 30, 0 = -o - 1. What is the units digit of v?
4
Suppose -275 = -6*y + 49. What is the tens digit of y?
5
Suppose 0*z - z + 53 = 0. What is the units digit of z?
3
Let g(i) = 13*i**2. Suppose -1 - 3 = 4*k. What is the tens digit of g(k)?
1
Let h(t) = t**3 + 4*t**2 - 2*t - 6. Let o be h(-4). Suppose 12 = o*q + q. Let y = 6 + q. What is the units digit of y?
0
Suppose 6*i - 3*i = 6. Suppose -3*u + u + 20 = -i*n, -2*u = -5*n - 23. What is the units digit of u?
9
Let b = -260 + 370. What is the hundreds digit of b?
1
Let d = 57 + -100. Let g = -12 - d. What is the units digit of g?
1
Suppose -2*a + 173 = 35. What is the units digit of a?
9
Let s be ((-18)/(-9))/(2/2). What is the units digit of (s/(-4))/((-2)/36)?
9
Let t = 182 + -40. What is the hundreds digit of t?
1
Let k(g) = -g - 3. Let t be k(-10). Suppose -3*o + 24 = -t*o. What is the units digit of 46/6 + 4/o?
7
Suppose s - 38 = 26. What is the tens digit of s?
6
Let h = -17 + 110. What is the tens digit of h?
9
What is the units digit of 358 - (3 - (3 + 2))?
0
Let u be 8/12*(-639)/(-6). Let b = -41 + u. What is the units digit of (-6)/(-4)*20/b?
1
Let t be 3 - 0/(3 - 0). Suppose 2 = -2*y - 4, 27 = 4*i + t*y. What is the units digit of i?
9
Suppose 3*o - 4*d = 65, 25 - 2 = o - d. What is the units digit of o?
7
Suppose 0 = 4*w - w - 6. What is the tens digit of (68/(-8))/(w/(-4))?
1
Suppose 10 = -3*z + 5*z. Let h(w) be the second derivative of -w**4/12 + 7*w**3/6 - w**2/2 - w. What is the units digit of h(z)?
9
Suppose -2*w + 4*w - 12 = 0. Let q be w/(-6*1/(-4)). Suppose -3*v - b + 31 = 4*b, b = q*v - 26. What is the units digit of v?
7
Let l(p) = -10*p - 7. Let x be l(-6). Let h = -22 + x. Let r = 46 - h. What is the units digit of r?
5
Let m = 9 - 5. Let k = -1 - m. Let r = -4 - k. What is the units digit of r?
1
Let p(l) be the third derivative of l**5/10 + l**4/24 - l**3/6 - 3*l**2. What is the units digit of p(1)?
6
Let g be ((-95)/(-15))/(1/(-3)). Let y = -10 - g. Let a = y - -1. What is the units digit of a?
0
What is the hundreds digit of (3*70 + 0)/2?
1
Suppose -o + 10 = -4*b, -4*b - 6 = -2. Let q = o + -2. Let k = q - -4. What is the units digit of k?
8
Suppose -4 = -3*s - 1, -o - 2*s = -13. Let h = 20 - o. Let g = -4 + h. What is the units digit of g?
5
Let p be (87/2)/(6/8). Suppose 2*h + 16 = 4*k + p, 0 = 5*h - 4*k - 105. What is the units digit of h?
1
Suppose 2*s = -3*s + 10. Suppose -3 = -s*i + 1. Suppose m = -2*t - i*m + 30, -t + 4*m = 7. What is the units digit of t?
9
Let q = 6 - 7. What is the units digit of (q/(-2))/(1/24)?
2
Let n(v) = -v**3 - 6*v**2 - 6*v + 3. Let i be 89/(-4) - 2/(-8). Let s be i/4 + 3/6. What is the units digit of n(s)?
8
Let a be 50*1 - (3 + -3). Suppose -r + 6*r = a. What is the units digit of r?
0
Let n(c) = c**2 - 14*c + 10. Let r be n(13). What is the units digit of ((-8)/r)/((-4)/(-6))?
4
Suppose 0 = 5*x - d + 32, -d = -3*x + 4*x + 4. What is the units digit of (x/4)/((-9)/12)?
2
Let y be -6 - (0 - 0)/(-1). What is the units digit of y/21 + (-128)/(-7)?
8
Let x be (-4)/6 + 2/3. Let b be (-2)/(-7) + 78/21. Suppose x = y + 5*c + 17, -c = b*y + 2*c. What is the units digit of y?
3
Suppose -4*m = m - 3*u - 9, -2*m = 4*u - 14. Suppose 0 = -5*k - 7*h + 2*h + 35, -3*h = m. What is the units digit of k?
8
Suppose -x + 10 = 4*x, -202 = -5*v + 4*x. What is the units digit of v?
2
Let t = -9 + 20. Suppose 8*l + 105 = t*l. What is the units digit of l?
5
Suppose 0*s - 2*s = -124. What is the tens digit of s?
6
Suppose -v = -108 - 155. What is the units digit of v?
3
Let t be -1 + (1 - 2) - -10. Let q(c) = -27*c**3 - c**2 - 2*c - 1. Let y be q(-1). Suppose 3*l - x = 4, 4*x - y = -5*l + t. What is the units digit of l?
3
Let p = 9 + -5. Suppose -28 = -p*x - 4. Let w(s) = 2*s + 2. What is the tens digit of w(x)?
1
Let q = 11 - 0. What is the tens digit of q?
1
Suppose 3*i - 